et j = -46 + 1386. List the prime factors of j.
2, 5, 67
Let v = -5 - 8. Let m = v - -30. What are the prime factors of m?
17
Let b be 3/(-2)*(-2296)/42. Let c = b - 47. Suppose 8*y = 13*y - c. What are the prime factors of y?
7
Suppose -21*b = -45*b + 96624. List the prime factors of b.
2, 3, 11, 61
Let s(d) = 89*d**2 + d + 2. What are the prime factors of s(2)?
2, 3, 5
Let g be 4*81 - (0 + -1). Suppose g = -4*b - b. What are the prime factors of (-1)/3*(b + -4)?
23
Suppose -z + 4458 = 2*j, 5*z + j - 4*j - 22238 = 0. What are the prime factors of z?
2, 5, 89
Let r(h) = 5*h**2 + 7*h + 25. Let b(o) = 3*o**2 + 4*o + 12. Let n(m) = 5*b(m) - 2*r(m). List the prime factors of n(-4).
2, 3, 11
Suppose 72 = -5*k - 173. Let l = 96 + k. What are the prime factors of l?
47
Let o(g) be the third derivative of g**4/12 + 2*g**2. Let k be o(-1). What are the prime factors of (10/4)/((-1)/k)?
5
Let a be (-13)/(-3) + 2/3. Let b = -5 + a. Suppose b*v + v = 14. List the prime factors of v.
2, 7
Let k be 60/9*(3 + 0). Suppose -2*r = -3*z + 6*z - 22, k = 5*z - 5*r. List the prime factors of (0 + -5)/(z/(-18)).
3, 5
Suppose -15*t + 41955 + 3285 = 0. What are the prime factors of t?
2, 13, 29
Let c(d) = 8*d + 15. Let f(r) = -15*r - 31. Let t(k) = -7*c(k) - 4*f(k). What are the prime factors of t(9)?
5, 11
Let a(k) = k**2 - 3*k - 2. Suppose 4 = 5*q - 16. Let l be a(q). Suppose 0 = -h + l + 9. What are the prime factors of h?
11
Let m(h) = h**2 - 12*h - 11. Let f be m(13). Let y be -30*(-1 + f/4). What are the prime factors of 0 + 5/(y/96)?
2
Let n = 3 - -4. Let l(q) = q**3 - 11*q**2 + 6*q + 4. Let s be l(n). What are the prime factors of 4/(-14) - s/35?
2
Let o(y) = 24*y + 3. Let q be o(1). Suppose b = d - q - 46, -d - b = -77. List the prime factors of d.
3, 5
Suppose -2*q - 237 = -5*q. Suppose 3*y - h - q - 25 = 0, 3*y + h = 106. List the prime factors of y.
5, 7
Suppose 39 - 49 = -2*x. List the prime factors of x + (-1 - 2 - -48).
2, 5
Suppose 0 = -2*i - 2*o + 6, 3*o = 14*i - 9*i + 17. Suppose -3*g + 0 = -48. What are the prime factors of (-376)/g*(-1 + i)?
47
Let j be 2 + 0 - (-2 + 2). Let u = -87 - -86. What are the prime factors of j - 5 - 41*u?
2, 19
Let v = -14 + 16. Suppose w - 2*i + 34 = 119, v*i - 8 = 0. List the prime factors of w.
3, 31
Suppose 0 = -2*j - 3*a + 1097, 2*a = 3*a + 1. What are the prime factors of j?
2, 5, 11
Let p(t) = -t**3 + 16*t**2 + 38*t - 14. List the prime factors of p(-7).
7, 11
Suppose 5*o - 53 - 327 = 0. Suppose 3*u - 27 = -2*k + k, -3*k - 4*u + o = 0. List the prime factors of 1*k/5*5.
2, 3
Suppose -5*x = -171 - 149. Suppose 4*h = x + 36. What are the prime factors of h?
5
Suppose -26*a - 92 = -25*a. Let t = 165 + a. Suppose 3*z + 0*z - 4*g = t, -2*z + 43 = 3*g. What are the prime factors of z?
23
Suppose 5*f - 19825 = 5*v, 10165 - 2249 = 2*f + 5*v. List the prime factors of f.
3, 1321
Suppose -6*q + 10 = 82. Let g = 0 - -2. List the prime factors of ((-8)/q)/(g/30).
2, 5
Let g be 50/3*17/(510/36). Suppose -g*j = -15*j - 790. List the prime factors of j.
2, 79
Suppose -13 = -6*u + 5. Suppose -u*f + 0*g - 4*g = -50, 4*g = 20. What are the prime factors of f?
2, 5
Suppose 13*d = 23*d - 3820. List the prime factors of d.
2, 191
Let n = -4 - -46. Suppose -n = -2*i + 80. Suppose 0*x + i = r + 3*x, 3*r = 4*x + 118. List the prime factors of r.
2, 23
Suppose -2*v - 2*v = -2*f + 372, 3*f = 5*v + 559. List the prime factors of f.
2, 47
Suppose -4*x = -4*h - 226 - 10, -4*h = -x + 68. Suppose -2*a - 3*m + x = 0, 0*a = 2*a - 3*m - 68. List the prime factors of a.
31
Suppose -199305 + 773801 = 104*h. List the prime factors of h.
2, 1381
What are the prime factors of (-1136)/(-2) - ((-99)/11 + 7)?
2, 3, 5, 19
Suppose -2*m + 11 = -1. Suppose 3*h - 11 = -d, 4 = 3*h + 2*d - m. Let o(k) = 7*k - 7. List the prime factors of o(h).
3, 7
Let y = -71 - -73. Suppose 135 = -y*v + 5*v. What are the prime factors of v?
3, 5
Let j(l) = 10*l. Let h be j(-1). Let p be 14/(-70) + 78/h. What are the prime factors of (918/(-72))/(3/p)?
2, 17
Suppose -6 = -x - 0. Let g be 16/x*153/68. Suppose d = g*d - 25, -f = d - 30. List the prime factors of f.
5
Let n = -2395 - -3797. List the prime factors of n.
2, 701
Let v(n) = -10*n - 12 - 14*n + 14*n. Let c be v(-6). What are the prime factors of 642/c - 6/16?
13
Let b be 1137*(5/(-3) - -2). Suppose 3*n - 1135 + b = 0. Suppose 5*u - 13 - n = 0. List the prime factors of u.
53
Let s be 7 + -2 + 0/(-1 - 1). Suppose 4*n - 768 = -5*j, -6*j + 5*j - 931 = -s*n. What are the prime factors of n?
11, 17
Let p(v) = 3*v**2 - 34*v + 27. List the prime factors of p(22).
17, 43
What are the prime factors of -249*5/((-30)/8)?
2, 83
Suppose -2*i + 4 = 12. Let s(y) = 4*y**3 + y**2 + 5*y + 7. Let k(w) = -w**3 - w**2 - w - 1. Let d(u) = 5*k(u) + s(u). List the prime factors of d(i).
2
Let i(u) = 8*u - 35. Let z be i(5). Suppose 3*p + 0*p = d - 180, 0 = -d - z*p + 140. What are the prime factors of d?
3, 5, 11
Let a(k) be the second derivative of k**5/20 - k**4/12 - k**2 + 10*k. Suppose 5*w = z - 27, 0 = -5*z + 3*w + 11 + 14. What are the prime factors of a(z)?
2
Suppose -6*g + 2*g = 216. Let d = 130 + g. What are the prime factors of d?
2, 19
Let o = 5583 + -3279. What are the prime factors of o?
2, 3
Let g(m) = 2*m - 9. Let h be 2/5 - 28/(-5). Let j be g(h). Suppose 220 - 31 = j*k. What are the prime factors of k?
3, 7
Let y = -41 + 43. Suppose -y*f + 5*f = 264. What are the prime factors of f?
2, 11
Suppose 4*v + 4*j = 3*j - 257, -v - 3*j - 78 = 0. Let q = -29 - v. Suppose 0 = 5*h - 4*a - q, 2*h - a + 2*a = 24. What are the prime factors of h?
2, 5
Let l = 7 + -6. List the prime factors of ((-19)/6)/(l/(-6)).
19
Suppose -2*y + 14 = 2*i, 3*i - 2*i - 2*y + 2 = 0. Suppose 0 = -s - i*s + 290. What are the prime factors of s?
2, 29
Suppose -5*o - 2*j - 157 - 37 = 0, -3*o = 3*j + 120. Let b = 127 + o. List the prime factors of b.
89
Let v(n) = -6*n + 14. Let q = -18 + 13. Let z(a) = a**3 + 5*a**2 - 5. Let t be z(q). List the prime factors of v(t).
2, 11
Let z(o) = o**3 + 34*o**2 + 29*o - 25. What are the prime factors of z(-33)?
107
Let k = 9 + -15. Let p(g) = 6*g + 2*g**2 + 637 - g - 642. What are the prime factors of p(k)?
37
Let y be (-4)/((-8)/2)*179. Let d = y + -117. List the prime factors of d.
2, 31
Let q be (-1074)/(-14) + (-1)/(14/(-4)). Let n = q - 38. What are the prime factors of n?
3, 13
Suppose -112*x = -103*x - 3213. List the prime factors of x.
3, 7, 17
What are the prime factors of 3/5 - (-32424)/35?
3, 103
Suppose 31*v - 19*v = 24792. What are the prime factors of v?
2, 1033
Let z(h) = -23*h**3 - h**2 + 4*h + 7. What are the prime factors of z(-3)?
607
Let f(c) = c**2 - 10*c + 15. Let v be f(10). Let j be 6/v + 4/(-10). Suppose 5*u - 16 - 19 = j. List the prime factors of u.
7
Let f(k) = k**2 + 2*k + 1. Let d be f(-3). Suppose -d*x + 7 = -41. Let v = x + -3. What are the prime factors of v?
3
Let k be (0 + 2)*(-21)/2. Let l(m) = -9*m + 5. Let n be l(-5). Let p = n + k. List the prime factors of p.
29
Suppose -143 = 2*h + 205. What are the prime factors of h/(-12) - ((-3)/(-2) - 2)?
3, 5
Suppose 20 = -s + 5*z, 2*z - 8 = 4*s - 0*z. Let f be (s + 0)/(3 - 2). Suppose -j - n = -29, j + f*j = -3*n + 37. What are the prime factors of j?
5
Suppose -6 = -3*u - 0. Let g be 1472/(-40) - u/10. Let r = g + 62. List the prime factors of r.
5
Suppose 18*p + 1860 = 24*p. Let q = p + -216. What are the prime factors of q?
2, 47
Let s = -12608 + 19970. Let f be (-4)/14 - s/(-42). Suppose 0 = -2*w + 7*w - f. List the prime factors of w.
5, 7
Suppose -f + n = -11 - 11, 2*n - 61 = -3*f. Let y = f + -14. Let o = 3 + y. What are the prime factors of o?
2, 5
Let i(h) = -137*h - 7. Let k be i(-2). Suppose -4*g + 5*g - 79 = -l, -3*g + k = -3*l. List the prime factors of g.
2, 3, 7
Suppose 5*p + 2*p - 28 = 0. Suppose -3*m - 116 = -6*m - p*b, 0 = 3*m + 5*b - 121. List the prime factors of m.
2
Let t = 207 + -64. List the prime factors of t.
11, 13
Let b(u) = 2*u**2 + 2*u - 2. Let t be b(2). Let m = 10 - t. Suppose m*s = 2*s - 66. List the prime factors of s.
3, 11
What are the prime factors of 379/((-1 - (-4 + 7)) + 5)?
379
What are the prime factors of -2 - -44*(-6)/(-12)?
2, 5
Let o(d) = 9*d**2 - 49*d - 46. What are the prime factors of o(19)?
2